ppose -h + a = b, -3*h - h = b - 212. List the prime factors of h.
2, 13
Let b(r) = r**2 - 8*r + 6. Let a be b(7). Let u be a/(-4) - (-1002)/(-8). List the prime factors of (2/(-2))/(5/u).
5
Let y be ((-48)/(-9) - 2) + 16/(-12). Suppose -3*d - k + 803 = 0, 897 = -5*d + y*k + 2250. List the prime factors of d.
269
Suppose 0 = 2*q + 4*v - 1150, -2*q + 583 = -q + 4*v. Let w be 4/(-1) - q/(-9). Suppose 29 + w = 4*m. What are the prime factors of m?
2, 11
Let n(o) = 2*o**3 - 2*o**2 - 12*o + 8. Let s be n(5). Suppose 4*a = s - 44. What are the prime factors of a?
2, 13
Let r = 1497 - 940. List the prime factors of r.
557
What are the prime factors of 406 - ((-20)/(-12))/((-2)/6)?
3, 137
Let y(k) be the third derivative of k**5/30 - 7*k**4/12 + 13*k**3/6 + 5*k**2. List the prime factors of y(10).
73
Suppose 2*v = t - 74, -2*t + 262 = t + 4*v. Let n(a) = -12*a + 2. Let l be n(-4). Suppose 0 = 4*x - l - t. List the prime factors of x.
3, 11
What are the prime factors of 374 + 3*(-4 - 33/(-9))?
373
Suppose -14*p + 10*p + 3460 = 0. List the prime factors of p.
5, 173
Suppose 2*x = -m - 3*m, 4*m - 28 = 5*x. Suppose -d - 4*d + 247 = m*u, 3*u = -5*d + 243. What are the prime factors of d?
3, 17
Let t(m) = 481*m**2 + 17*m + 29. List the prime factors of t(-2).
19, 101
Suppose 0 = -4*u - 0*u - 56. Let g = u + 20. Suppose 3*s = g*s + 5*m - 6, -3*m = 2*s - 4. List the prime factors of s.
2
Let x = 486 - 304. What are the prime factors of x?
2, 7, 13
List the prime factors of 30498/54 + (-8)/(-36).
5, 113
What are the prime factors of 4922/5 + 16/(-40) + -1?
983
Let h(l) = 3*l**3 + l**2 - l + 1. Let k be h(2). Let s = 63 + k. List the prime factors of s.
2, 3, 5
Suppose -4*z + 3*d + 1619 = -3410, -3*z + 2*d = -3772. List the prime factors of z.
2, 17, 37
Suppose -4*t = 5*t - 3978. Suppose -5*n - 587 = -3*y - 159, t = 3*y + 2*n. List the prime factors of y.
2, 73
Suppose -2*o = -6, 4*l + 3*o - 10457 - 12296 = 0. List the prime factors of l.
2, 2843
List the prime factors of ((-124830)/(-60))/(3/2).
19, 73
Suppose -10*i = -3*h - 9*i + 2100, -3*h = i - 2094. What are the prime factors of h?
3, 233
Let s(v) = -v**3 + 10*v**2 + 9. Suppose 0*y + 2*y - 20 = 0. Let x be s(y). Let d(z) = -z**2 + 11*z - 4. What are the prime factors of d(x)?
2, 7
Suppose -3*p - 42 = -0*p. Let s(b) = -21*b + 3. Let d be s(-1). Let c = d + p. List the prime factors of c.
2, 5
Suppose -4*r + t = -146, r + 2*t - 78 = -r. Suppose r = s - 28. Suppose -5*x + 65 = -s. What are the prime factors of x?
2, 13
Let d be ((-4)/(-8) + -1)*-2. Let r(m) = -39*m + 3. Let l be r(d). What are the prime factors of -3 - 0 - 0 - l?
3, 11
Suppose 4*r - 36 = -5*r. Let v(u) = -u**3 + 6*u**2 - 7*u - 2. Let b be v(r). Suppose 0 = a - 3*x - 23, 0 = -b*a - 0*x + 2*x + 50. List the prime factors of a.
2, 13
Suppose 0 = w - 3 - 2. Suppose w*y + 19 = 3*k, 0*y - 5*k = 2*y - 11. List the prime factors of ((-48)/40)/(y/15).
3
Suppose -15*a + 16*a = 0. Suppose a*r + r = 4*m - 57, 5*r = m - 209. Let l = r + 117. What are the prime factors of l?
2, 19
Suppose -3*s = -4*s - 2*g + 227, -20 = 4*g. List the prime factors of s.
3, 79
Let w = -26 - -46. Suppose 5*r - 5*k - w = 0, -3*k + 44 = 3*r + 2. List the prime factors of r.
3
Let y(w) = 13*w - 12*w + 16*w**2 - 6*w**2. Let a be -4*(3 - (-52)/(-16)). What are the prime factors of y(a)?
11
Suppose 3*v - 3*d = 1521, 3*v + 6*d - 1493 = 2*d. What are the prime factors of v?
503
List the prime factors of 1/(-3)*-21 - -110.
3, 13
Suppose 6*a = a + 20. Suppose -a*m + 121 = -71. Let i = 90 - m. What are the prime factors of i?
2, 3, 7
Let k(h) = -5*h**3 + 3*h**2 + 7*h - 6. List the prime factors of k(-2).
2
Suppose o + 0*u = 3*u + 3887, 5*u - 11647 = -3*o. What are the prime factors of o?
2, 971
Let w be (324/(-15))/2*420/(-9). Suppose -d + 2*d = -5*x + 630, 4*x - w = 2*d. List the prime factors of x.
2, 3, 7
Let g = 24 + -20. Suppose -g*d + 113 = -331. Let h = -74 + d. What are the prime factors of h?
37
Let w(k) = -k**3 - 4*k**2 + 10*k - 2. Let p be w(-6). What are the prime factors of (12/p)/(8/20)?
3
Suppose -2*q + 5*q + 4*r = 3760, -7570 = -6*q + 2*r. List the prime factors of q.
2, 3, 5, 7
Suppose 0 = 9*b - 5*b - 28. Suppose -b*s + 2*s = -175. List the prime factors of s.
5, 7
Suppose 4*n = 2*t + 2*n - 996, 5 = n. List the prime factors of t.
503
Let m(y) = 2*y**3 - 4*y**2. Let a be m(3). Let j be 3/a + (-87)/(-18). Suppose 5*p - j*k + k = 290, 5*p - 290 = 3*k. List the prime factors of p.
2, 29
Let n(v) = 7*v + 2. Let p be n(5). Let k = 47 - p. What are the prime factors of k?
2, 5
Let q be (0*1/2)/(-1) + 4. Suppose -2*r + q*z = -280, -r + z - 43 + 181 = 0. What are the prime factors of r?
2, 17
Let h = -28 - -28. Let g = h - -23. What are the prime factors of g?
23
Suppose 0 = -d + 14 - 9. What are the prime factors of 20/25 - (-86)/d?
2, 3
Suppose -216 = -2*t + 5*d, 5*t + 7*d - 602 = 4*d. Let o = t - 68. Let u = 87 - o. List the prime factors of u.
37
Suppose 34*y - 95102 = -23294. What are the prime factors of y?
2, 3, 11
Let f(q) = q**3 + 6*q**2 + 4*q + 13. Let i be f(-6). Let z = i + 83. What are the prime factors of z?
2, 3
Suppose 5*j = -5*n + 335, 0*j = 3*n - 5*j - 217. List the prime factors of n.
3, 23
Let m(o) = 2*o**3 + 75*o**2 + 26*o - 44. List the prime factors of m(-37).
3, 11
Let i(z) = -228*z - 42. List the prime factors of i(-13).
2, 3, 487
List the prime factors of 30763/35 + (-70)/(-1225).
3, 293
Let k = -19 - -19. Suppose 0 = -4*y - k*y. Suppose 2*a + y*a = 16. What are the prime factors of a?
2
Suppose -4*p + 0*p = -28. Let n(j) = 8 + 84*j + 90*j - 7*j**2 - 173*j + j**3. What are the prime factors of n(p)?
3, 5
Suppose -f + 3*z - 3 = -6*f, z - 1 = 3*f. Suppose -5*k + 5*x - 3*x = -125, 2*x = f. What are the prime factors of k?
5
Suppose 5*g + 5*d = 320, 0*d = -3*d - 12. Let f = g + -27. What are the prime factors of f?
41
Let m = 46 + -92. Let r = m - -11. Let z = r - -68. List the prime factors of z.
3, 11
Let w(k) = -k**2 - 5*k - 6. Let p be w(-5). What are the prime factors of (-5 - -50)*p/(-9)?
2, 3, 5
Let o = 591 - 218. List the prime factors of o.
373
Let u(i) = 149*i**2 - 8*i + 13. What are the prime factors of u(3)?
2, 5, 7, 19
Suppose 64 = 8*v - 4*v + 4*o, -2*o = 4*v - 60. Let l(z) = -z**2 - 11*z - 3. Let i be l(-9). Suppose -v*m = -i*m + 60. List the prime factors of m.
2, 3, 5
What are the prime factors of (8781 + 3)/8 - (3 - -1)?
2, 547
Let w be (-32)/14 + 6/21. Let c be (-3)/6*60/w. Suppose 5*m = -c, -3*m - 2*m + 45 = 5*n. List the prime factors of n.
2, 3
Let l = 196 - -60. What are the prime factors of l?
2
Let d(z) = 43*z**2 + 31*z + 113. List the prime factors of d(-4).
677
Suppose -59*d + 61*d = 456. Let z = 352 - d. What are the prime factors of z?
2, 31
Let x be ((-27)/(-6))/(6/(-88)). Let v be (2 + -4)*(0 - -1 - 57). Let t = v + x. What are the prime factors of t?
2, 23
Let x = -15 + 35. Suppose 0 = 2*b - 32 - x. List the prime factors of b.
2, 13
Let u = -138 + 813. What are the prime factors of u?
3, 5
Suppose -u + 2*h + 583 = 0, 2*h = -5*u + 2464 + 511. What are the prime factors of u?
593
Suppose -g - 4*c - 24 = -2*g, -3*c = -4*g + 96. What are the prime factors of (-88)/(-3) + (-32)/g?
2, 7
Let m = 235 - -2330. What are the prime factors of m?
3, 5, 19
Let t(m) = 187*m**2 + 187*m + 4. What are the prime factors of t(-2)?
2, 3, 7
Suppose -4*o = -7*o - 675. Let z = -145 - o. Let l = -55 + z. What are the prime factors of l?
5
Let s = -1639 - -3656. What are the prime factors of s?
2017
Let t(n) = -3*n**2 + 10. Let f be t(5). Let l = 103 + f. List the prime factors of l.
2, 19
Let c = -525 - -1104. List the prime factors of c.
3, 193
Suppose -i - 481 = 4*a - 10355, 0 = 4*i - 8. What are the prime factors of a?
2, 617
Let r(m) = m**3 + 5*m**2 - 6*m - 4. Let c be r(-6). Let a be 1 + -41 - (0 - (1 + 0)). Let b = c - a. What are the prime factors of b?
5, 7
Let p(y) = -293*y + 57. What are the prime factors of p(-4)?
1229
What are the prime factors of (2 - (-34)/(-16)) + (-96840)/(-64)?
17, 89
Suppose 1804 = 14*d - 3*d. Let a = -63 + d. List the prime factors of a.
101
Suppose -12 = -4*a, -5*c - 4*a + 6564 = -a. List the prime factors of c.
3, 19, 23
Suppose 29 = -4*y + y - p, -3*y + 3*p = 9. Let k be (-6)/2 - 2/(-1). Let w = k - y. Lis